79. Calculate the highest common factor of w and 1740.
5
Suppose 0 = -744*l + 739*l + 625. Let f = 287 - l. Calculate the greatest common factor of 54 and f.
54
Let z be (-8650)/25 - (9 - 0). Let y = z - -674. What is the greatest common divisor of y and 11?
11
Let y be (-450)/(-16) + ((-36)/6)/(-48)*-1. Calculate the highest common factor of y and 1561.
7
Let u(z) = -8*z - 1. Let y be ((-1)/((-3)/(-10)))/(1/3). Let k be u(y). Suppose k = 5*a - 86. Calculate the greatest common factor of 3 and a.
3
Let p be (((-6)/12)/(8/(-16)))/(1/11). Calculate the highest common divisor of p and 27203.
11
Let b = 434 + -645. Let a be -3 + -2 + (-1 - (b - -5)). What is the greatest common divisor of 250 and a?
50
Suppose -122*c + 5040 = 234*c + 204*c. What is the greatest common factor of c and 4857?
3
Let u(h) = -2*h - 20. Let v be u(-10). Suppose v = -2*s + 5*a - 73, 4*s = 3*s - a - 40. Let b = 47 + s. Calculate the highest common factor of b and 2.
2
Suppose 0 = a + 2*c - 53, -5*a + 5*c - 3*c = -253. Let y = a - 47. What is the highest common divisor of 44 and y?
4
Let b be (-3)/2*(10 - 864/81). Calculate the greatest common divisor of 71 and b.
1
Let i = 815 - 811. Suppose 12 = k + 4*w - 0, -2*w = 3*k - 36. Calculate the highest common divisor of i and k.
4
Let d(h) = h. Let w(a) = 51*a**3 - a**2 - 6*a. Let k(y) = -4*d(y) - w(y). Let c be k(-1). Calculate the highest common divisor of 40 and c.
10
Let o(h) = h**2 - 8*h - 11. Let g be o(0). Let k = g - -44. Suppose -30*w + k*w - 192 = 0. What is the highest common divisor of 8 and w?
8
Let z be (98/8 + 13/(-52))/((-2)/(-10)). Let i be (5/(-2))/(4/(-240)). What is the greatest common factor of z and i?
30
Let v(i) = 124*i + 10*i**2 - i**3 - 145*i - 10 + i**2. Let w be v(9). Let y = w - -53. Calculate the greatest common divisor of y and 32.
16
Let t = -144 - -136. Let r be ((-4)/t)/(8/1152). Calculate the greatest common factor of r and 48.
24
Suppose 109 = r - 4*i, 5*r - 223*i = -227*i + 401. Calculate the highest common divisor of r and 459.
17
Let g(i) = 3*i**2 - 5*i + 16. Let n be g(5). Let w = n + 478. Calculate the highest common factor of 34 and w.
34
Suppose -5*j = -9*j - 64. Let f(o) = -o**2 - 21*o - 76. Let g be f(j). What is the highest common divisor of g and 12?
4
Suppose -3*j + 199 = -4*y, -4*j + 2*y - 7*y + 255 = 0. Let b = -21 - j. Let q = -70 - b. Calculate the highest common divisor of 64 and q.
16
Suppose -o + 6 - 9 = w, -o - 3 = -5*w. Let t be (o/2)/(60/(-6760)). Calculate the greatest common divisor of t and 130.
13
Let b = -3451 - -3611. Calculate the greatest common factor of b and 16480.
160
Suppose 16*y = -2*h + 20*y + 218, -4*h = 5*y - 436. Calculate the greatest common divisor of 436 and h.
109
Let r = 169 + -119. Let i(d) = 200*d**2 - 28*d - 28. Let m be i(-1). What is the highest common divisor of m and r?
50
Let s be 18/(-3) - -3 - -19. Let d be (-24)/s*16/12 + 210. Calculate the highest common factor of d and 26.
26
Let d(w) = 262*w - 1510. Let i be d(7). What is the greatest common divisor of i and 4806?
54
Suppose 2*b + 7248 = 2*k, 746*k - 3604 = 745*k - 3*b. What is the greatest common divisor of 154 and k?
77
Let w(o) = 13*o - 9. Let v be w(5). Suppose -3*b + 150 = -165. Let t = b + -77. Calculate the highest common factor of v and t.
28
Suppose 103*r = 564 + 260. What is the highest common divisor of 4456 and r?
8
Let k(s) = s - 3. Let x be k(6). Suppose 0 = 17*p - 755 - 911. Let b = p - 65. Calculate the highest common divisor of b and x.
3
Let v(f) = f**3 - f**2 + 23*f - 199. Let d be v(5). Calculate the highest common factor of 592 and d.
16
Let q = -5750 - -5804. Calculate the highest common divisor of 450 and q.
18
Let k = 2905 + -1792. Calculate the greatest common factor of 106 and k.
53
Let i = -228 - -231. Suppose 3*w - 250 = 65. Suppose w = 2*u + a, -a - 225 = -i*u - u. Calculate the highest common factor of u and 11.
11
Let z be (-2055*(-12)/(-18))/(-2). Suppose 35 + z = 15*j. What is the highest common divisor of j and 132?
12
Let w = -360 + 367. Suppose -5*q - 2 = -17. Calculate the highest common factor of q and w.
1
Let h(b) = 32*b**2 - 13*b - 72. Let y be h(-4). Suppose 0 = 7*k + 93 - y. What is the greatest common factor of 6 and k?
3
Let g = 66 + -15. Suppose 0 = -4*v - f + 473, -38 = v - 5*f - 172. Calculate the greatest common divisor of v and g.
17
Suppose 0 = -m + 3*y, 4 + 0 = -4*y. Let n(f) = f**2 + f + 2. Let l be n(m). Calculate the highest common divisor of l and 2.
2
Let c be (-9720)/(-84)*1092/18. What is the highest common divisor of 27 and c?
27
Let q(v) = 13*v + 82. Let u be q(25). Calculate the greatest common divisor of 111 and u.
37
Let a(v) = v**3 - 9*v**2 - 2*v + 22. Let l be a(9). Suppose -3 = -l*z + 213. Calculate the greatest common divisor of z and 72.
18
Let r = 32073 + -3989. What is the greatest common factor of r and 119?
119
Let u(r) = r**3 - 25*r**2 + 210*r - 63. Let f be u(7). Let p(x) = x**3 + 13*x**2 + 15*x - 2. Let m be p(-11). What is the greatest common factor of f and m?
75
Let c(y) = -12*y**3 - 6*y + 6. Let i be c(2). Let a = i - -107. Let g be ((-1)/2)/((-1)/90). Calculate the greatest common factor of a and g.
5
Let u = 6069 + -5834. What is the greatest common divisor of 5217 and u?
47
Let g(n) = 5*n**3 - n**2 + 3*n - 2. Let q be g(2). Let t = -31483 + 31515. Calculate the highest common factor of q and t.
8
Suppose 4*p = -5*j + 4, p + 6 = 2*j + 7. Suppose j = 7*t + 194 - 327. Calculate the greatest common factor of t and 5.
1
Suppose -132233 = -5*b + 2*h, -4*b - 55*h + 52*h + 105768 = 0. What is the highest common divisor of 123 and b?
123
Let z(c) = c**2 - 39*c + 101. Let b be z(-17). What is the greatest common factor of b and 13?
13
Suppose 1298 = 447*g - 3172. Suppose 0 = q - 0*q, 5*q = 5*u - 50. Calculate the greatest common divisor of u and g.
10
Let z be 262210/156 - (1 - -2 - 95/30). Calculate the greatest common factor of z and 328.
41
Let l be 76/152*(-3 - -2 - -15). What is the highest common factor of l and 2835?
7
Suppose -6*h + 280 = 22*h. What is the greatest common divisor of 1165 and h?
5
Suppose -96 = -9*p + 7*p. Suppose 2*u - 6*u = -p. Let v = 13 - -11. What is the greatest common divisor of u and v?
12
Suppose 0 = -4*j - 28, 48*d = 45*d - 2*j + 7522. Calculate the highest common divisor of d and 128.
16
Let a = 57 + -55. Suppose -a*r - 335 = -19. Let o = r - -413. What is the highest common divisor of o and 102?
51
Suppose 840 = 24*k - 696. What is the highest common divisor of 1184 and k?
32
Let q be 156/27 + 4/18. Let l be 18*((-75)/(-18) + -4). Calculate the greatest common divisor of l and q.
3
Let o = -5053 + 5198. Calculate the highest common divisor of 319 and o.
29
Suppose -g + 8 = 3*v, 3*g + 8 = -0*v - v. Suppose -3*o + 4*w = -444, -5*o + 4*o + 168 = 2*w. What is the greatest common divisor of v and o?
4
Suppose -5*d + 4*v - 3 = 7*v, 7*d = -v + 15. Suppose -2*c + 255 = 3*c. What is the greatest common factor of c and d?
3
Suppose 24 = 2*h + 2. Let g(r) = -r**3 + 110*r**2 - 1319*r + 123. Let z be g(14). What is the greatest common factor of z and h?
11
Let b(x) = -x**3 + x + 3. Let c be b(-3). Suppose 0 = s + 190 + 207. Let a = -262 - s. What is the highest common divisor of a and c?
27
Suppose -232 = -c + 3*w, 831*c + 3*w = 830*c + 244. What is the highest common factor of c and 6?
2
Let s be (-7)/(-3)*3*(-2)/(-2). Suppose 0 = -s*o + 4*o + 66. What is the greatest common factor of o and 2?
2
Suppose -2*k + 302 = 5*d, 4 = -2*k - 4*d + 306. Suppose -2*y - 11 = -k. What is the highest common factor of 20 and y?
10
Suppose 21*p + 4*v = 24*p - 391, -p - 4*v = -173. Let k(s) = 2*s**2 + 3*s - 17. Let u be k(-12). What is the highest common divisor of u and p?
47
Suppose 6*u - 188 = -104. Suppose -3*c + d = -u, -d - 11 = -5*c + 13. Calculate the highest common factor of c and 5.
5
Let d = -1893 - -2268. Calculate the greatest common divisor of d and 21.
3
Let l = -4 - -2. Suppose 0 = -41*i + 45 + 201. Let b be (l/i*1)/((-1)/45). What is the greatest common factor of b and 165?
15
Let l = -1376 + 1632. Let f = 134 - 86. Calculate the highest common factor of f and l.
16
Suppose 936 = -3939*x + 3963*x. What is the greatest common factor of 144 and x?
3
Suppose -10*c = -61 - 9. Let b(o) = o 